{"id":83,"date":"2021-04-18T15:20:32","date_gmt":"2021-04-18T13:20:32","guid":{"rendered":"http:\/\/www.v3.cercle-celtique-malville.com\/?page_id=83"},"modified":"2026-01-25T11:06:17","modified_gmt":"2026-01-25T10:06:17","slug":"les-differents-costumes","status":"publish","type":"page","link":"https:\/\/www.cercle-celtique-malville.com\/index.php\/les-differents-costumes\/","title":{"rendered":"Les diff\u00e9rents costumes"},"content":{"rendered":"\n<h3 class=\"wp-block-heading\">Costumes adultes<\/h3>\n\n\n\n<p>Les costumes port\u00e9s par les adultes du cercle sont les costumes de c\u00e9r\u00e9monies du pays Nantais datant de la fin du 19\u00e8me si\u00e8cle, plus particuli\u00e8rement du c\u00f4t\u00e9 de Malville et Savenay.<\/p>\n\n\n\n<h4 class=\"wp-block-heading\">Les femmes<\/h4>\n\n\n\n<div class=\"wp-block-media-text alignwide\"><figure class=\"wp-block-media-text__media\"><img loading=\"lazy\" decoding=\"async\" width=\"702\" height=\"1024\" src=\"http:\/\/www.cercle-celtique-malville.com\/wp-content\/uploads\/2023\/04\/337171673_1287801415276194_4945530583730923574_n-2-702x1024.jpg\" alt=\"\" class=\"wp-image-433\" srcset=\"https:\/\/www.cercle-celtique-malville.com\/wp-content\/uploads\/2023\/04\/337171673_1287801415276194_4945530583730923574_n-2-702x1024.jpg 702w, https:\/\/www.cercle-celtique-malville.com\/wp-content\/uploads\/2023\/04\/337171673_1287801415276194_4945530583730923574_n-2-206x300.jpg 206w, https:\/\/www.cercle-celtique-malville.com\/wp-content\/uploads\/2023\/04\/337171673_1287801415276194_4945530583730923574_n-2.jpg 729w\" sizes=\"auto, (max-width: 702px) 100vw, 702px\" \/><\/figure><div class=\"wp-block-media-text__content\">\n<p>Elles portent actuellement une copie conforme du costume f\u00e9minin de Malville des ann\u00e9es 1895-1900. <\/p>\n\n\n\n<p>Il se compose d&rsquo;un caraco \u00e0 manches \u00ab\u00a0gigot\u00a0\u00bb en satin Duchesse, d&rsquo;une jupe en ottoman de 5 m\u00e8tres de tour, d&rsquo;un jupon et d&rsquo;un panty en coton blanc et d&rsquo;un tablier de satin moir\u00e9 ou broch\u00e9.<\/p>\n\n\n\n<p>Le tout est\norn\u00e9 de bijoux (sautoir, broche de col, \u00e9pingle de ch\u00e2le \u00e0 perle nacr\u00e9e,\nmontre&#8230;).<\/p>\n<\/div><\/div>\n\n\n\n<div class=\"wp-block-media-text alignwide has-media-on-the-right\"><figure class=\"wp-block-media-text__media\"><img loading=\"lazy\" decoding=\"async\" width=\"412\" height=\"443\" src=\"http:\/\/www.cercle-celtique-malville.com\/wp-content\/uploads\/2026\/01\/Capture-d\u2019\u00e9cran-2026-01-25-110140.jpg\" alt=\"\" class=\"wp-image-33616\" srcset=\"https:\/\/www.cercle-celtique-malville.com\/wp-content\/uploads\/2026\/01\/Capture-d\u2019\u00e9cran-2026-01-25-110140.jpg 412w, https:\/\/www.cercle-celtique-malville.com\/wp-content\/uploads\/2026\/01\/Capture-d\u2019\u00e9cran-2026-01-25-110140-279x300.jpg 279w\" sizes=\"auto, (max-width: 412px) 100vw, 412px\" \/><\/figure><div class=\"wp-block-media-text__content\">\n<p>Les cheveux\ncoiff\u00e9s en chignon serr\u00e9, sont maintenus par une r\u00e9sille et une tresse de laine\nsur lesquelles est pos\u00e9e une coiffe, de forme \u00ab\u00a0sabot\u00a0\u00bb.<\/p>\n\n\n\n<p>Cette coiffe\nparticuli\u00e8rement complexe dans sa r\u00e9alisation et tr\u00e8s fragile est appel\u00e9e\n\u00ab\u00a0dormeuse\u00a0\u00bb. Depuis 2018, certaines danseuses portent cette dormeuse \u00e0\nla mode de Savenay. A terme toutes les femmes la porteront.<\/p>\n<\/div><\/div>\n\n\n\n<h4 class=\"wp-block-heading\">Les hommes<\/h4>\n\n\n\n<div class=\"wp-block-media-text alignwide\"><figure class=\"wp-block-media-text__media\"><img loading=\"lazy\" decoding=\"async\" width=\"1000\" height=\"698\" src=\"http:\/\/www.cercle-celtique-malville.com\/wp-content\/uploads\/2021\/04\/c7a54758222eb02a5a68c7454d005fd3.jpg\" alt=\"\" class=\"wp-image-87\" srcset=\"https:\/\/www.cercle-celtique-malville.com\/wp-content\/uploads\/2021\/04\/c7a54758222eb02a5a68c7454d005fd3.jpg 1000w, https:\/\/www.cercle-celtique-malville.com\/wp-content\/uploads\/2021\/04\/c7a54758222eb02a5a68c7454d005fd3-300x209.jpg 300w, https:\/\/www.cercle-celtique-malville.com\/wp-content\/uploads\/2021\/04\/c7a54758222eb02a5a68c7454d005fd3-768x536.jpg 768w\" sizes=\"auto, (max-width: 1000px) 100vw, 1000px\" \/><\/figure><div class=\"wp-block-media-text__content\">\n<p>Le costume\ndes hommes fait r\u00e9f\u00e9rence \u00e0 la m\u00eame \u00e9poque que celui des femmes.<\/p>\n\n\n\n<p>Ils portent\nun pantalon \u00e0 pont caract\u00e9ristique de la Basse Loire.<\/p>\n\n\n\n<p>Ils rev\u00eatent \u00e9galement une chemise \u00e0 plastron et un faux-col port\u00e9s sous un petit gilet de soie broch\u00e9. Le tout est orn\u00e9 de bijoux (montre \u00e0 gousset, boutons de col).<\/p>\n\n\n\n<p>L&rsquo;ensemble\nest compl\u00e9t\u00e9 par une veste \u00e0 court revers, accompagn\u00e9 d&rsquo;une cravate noire et\nd&rsquo;un chapeau de feutre noir.<\/p>\n\n\n\n<p>Le canotier\nest parfois port\u00e9 en \u00e9t\u00e9.<\/p>\n<\/div><\/div>\n\n\n\n<h3 class=\"wp-block-heading\">Costumes jeunes<\/h3>\n\n\n\n<h4 class=\"wp-block-heading\">Les filles (enfance &amp; adolescence)<\/h4>\n\n\n\n<div class=\"wp-block-media-text alignwide\"><figure class=\"wp-block-media-text__media\"><img loading=\"lazy\" decoding=\"async\" width=\"720\" height=\"480\" src=\"http:\/\/www.v3.cercle-celtique-malville.com\/wp-content\/uploads\/2021\/04\/1_lmresized_2.jpg\" alt=\"\" class=\"wp-image-89\" srcset=\"https:\/\/www.cercle-celtique-malville.com\/wp-content\/uploads\/2021\/04\/1_lmresized_2.jpg 720w, https:\/\/www.cercle-celtique-malville.com\/wp-content\/uploads\/2021\/04\/1_lmresized_2-300x200.jpg 300w\" sizes=\"auto, (max-width: 720px) 100vw, 720px\" \/><\/figure><div class=\"wp-block-media-text__content\">\n<p>Lors de leur enfance, elles rev\u00eatent une robe de flanelle lie de vin, relev\u00e9e d&rsquo;une guimpe et de manchon surmont\u00e9 de dentelle. Les dessous sont compos\u00e9s d&rsquo;un jupon et d&rsquo;une culotte de coton blanc avec une dentelle au-dessus du genou. <\/p>\n<\/div><\/div>\n\n\n\n<div class=\"wp-block-media-text alignwide has-media-on-the-right\"><figure class=\"wp-block-media-text__media\"><img loading=\"lazy\" decoding=\"async\" width=\"1000\" height=\"666\" src=\"http:\/\/www.v3.cercle-celtique-malville.com\/wp-content\/uploads\/2021\/04\/8897a83bf216256d54fd17717209e6ec.jpg\" alt=\"\" class=\"wp-image-90\" srcset=\"https:\/\/www.cercle-celtique-malville.com\/wp-content\/uploads\/2021\/04\/8897a83bf216256d54fd17717209e6ec.jpg 1000w, https:\/\/www.cercle-celtique-malville.com\/wp-content\/uploads\/2021\/04\/8897a83bf216256d54fd17717209e6ec-300x200.jpg 300w, https:\/\/www.cercle-celtique-malville.com\/wp-content\/uploads\/2021\/04\/8897a83bf216256d54fd17717209e6ec-768x511.jpg 768w\" sizes=\"auto, (max-width: 1000px) 100vw, 1000px\" \/><\/figure><div class=\"wp-block-media-text__content\">\n<p>Lors de l&rsquo;adolescence, leur costume est compos\u00e9 d&rsquo;une jupe et d&rsquo;un caraco de flanelle grise orn\u00e9 par leurs premiers bijoux (chaine avec une croix ou un m\u00e9daillon et des boucles d&rsquo;oreilles) qu&rsquo;elles ont re\u00e7us lors de leur communion solennelle.<\/p>\n\n\n\n<p>Elles portent\nla m\u00eame coiffe que les femmes.<\/p>\n\n\n\n<p>Elles ont un\npanty de coton blanc bord\u00e9 par une dentelle en dessous du genou, un jupon de\ncoton blanc avec des plis religieux et une guimpe au col de dentelle.<\/p>\n<\/div><\/div>\n\n\n\n<h4 class=\"wp-block-heading\">Les gar\u00e7ons (enfance &amp; adolescence)<\/h4>\n\n\n\n<div class=\"wp-block-media-text alignwide\"><figure class=\"wp-block-media-text__media\"><img loading=\"lazy\" decoding=\"async\" width=\"720\" height=\"480\" src=\"http:\/\/www.v3.cercle-celtique-malville.com\/wp-content\/uploads\/2021\/04\/malville-2014-286029_lmresized_2.jpg\" alt=\"\" class=\"wp-image-91\" srcset=\"https:\/\/www.cercle-celtique-malville.com\/wp-content\/uploads\/2021\/04\/malville-2014-286029_lmresized_2.jpg 720w, https:\/\/www.cercle-celtique-malville.com\/wp-content\/uploads\/2021\/04\/malville-2014-286029_lmresized_2-300x200.jpg 300w\" sizes=\"auto, (max-width: 720px) 100vw, 720px\" \/><\/figure><div class=\"wp-block-media-text__content\">\n<p>Lors de leur enfance, ils portent une veste blouse droite noire sans col avec un noeud blanc autour du cou finissant la chemise blanche.<\/p>\n\n\n\n<p>Ils ont\n\u00e9galement un pantalon court bouffant sur lequel ils portent des grosses\nchaussettes de laine noires<\/p>\n<\/div><\/div>\n\n\n\n<div class=\"wp-block-media-text alignwide has-media-on-the-right\"><figure class=\"wp-block-media-text__media\"><img loading=\"lazy\" decoding=\"async\" width=\"1000\" height=\"667\" src=\"http:\/\/www.v3.cercle-celtique-malville.com\/wp-content\/uploads\/2021\/04\/f64ae0e9656a7e169158abcd0e6f76f4.jpg\" alt=\"\" class=\"wp-image-92\" srcset=\"https:\/\/www.cercle-celtique-malville.com\/wp-content\/uploads\/2021\/04\/f64ae0e9656a7e169158abcd0e6f76f4.jpg 1000w, https:\/\/www.cercle-celtique-malville.com\/wp-content\/uploads\/2021\/04\/f64ae0e9656a7e169158abcd0e6f76f4-300x200.jpg 300w, https:\/\/www.cercle-celtique-malville.com\/wp-content\/uploads\/2021\/04\/f64ae0e9656a7e169158abcd0e6f76f4-768x512.jpg 768w\" sizes=\"auto, (max-width: 1000px) 100vw, 1000px\" \/><\/figure><div class=\"wp-block-media-text__content\">\n<p>Leur costume est compos\u00e9 d&rsquo;un pantalon long, d&rsquo;une chemise blanche sous la veste et d&rsquo;un petit gilet. Un lien de satin gris est nou\u00e9 en guise de cravatte. <\/p>\n<\/div><\/div>\n","protected":false},"excerpt":{"rendered":"<p>Costumes adultes Les costumes port\u00e9s par les adultes du cercle sont les costumes de c\u00e9r\u00e9monies du pays&hellip;<\/p>\n","protected":false},"author":3,"featured_media":0,"parent":0,"menu_order":0,"comment_status":"closed","ping_status":"closed","template":"","meta":{"footnotes":""},"class_list":["post-83","page","type-page","status-publish","hentry","no-margin"],"_links":{"self":[{"href":"https:\/\/www.cercle-celtique-malville.com\/index.php\/wp-json\/wp\/v2\/pages\/83","targetHints":{"allow":["GET"]}}],"collection":[{"href":"https:\/\/www.cercle-celtique-malville.com\/index.php\/wp-json\/wp\/v2\/pages"}],"about":[{"href":"https:\/\/www.cercle-celtique-malville.com\/index.php\/wp-json\/wp\/v2\/types\/page"}],"author":[{"embeddable":true,"href":"https:\/\/www.cercle-celtique-malville.com\/index.php\/wp-json\/wp\/v2\/users\/3"}],"replies":[{"embeddable":true,"href":"https:\/\/www.cercle-celtique-malville.com\/index.php\/wp-json\/wp\/v2\/comments?post=83"}],"version-history":[{"count":8,"href":"https:\/\/www.cercle-celtique-malville.com\/index.php\/wp-json\/wp\/v2\/pages\/83\/revisions"}],"predecessor-version":[{"id":33617,"href":"https:\/\/www.cercle-celtique-malville.com\/index.php\/wp-json\/wp\/v2\/pages\/83\/revisions\/33617"}],"wp:attachment":[{"href":"https:\/\/www.cercle-celtique-malville.com\/index.php\/wp-json\/wp\/v2\/media?parent=83"}],"curies":[{"name":"wp","href":"https:\/\/api.w.org\/{rel}","templated":true}]}}